n - 50. What is the tens digit of n?
2
Let c(z) = -1 + 12*z - 3*z**2 + 4*z**2 + 5 - 2. Let q be c(-12). Suppose -v = -4*d - 32, -q*d - 21 = -v + 1. What is the tens digit of v?
1
Let n(k) = 744*k + 44. What is the hundreds digit of n(1)?
7
Suppose -144*k + 146*k = 2868. What is the thousands digit of k?
1
Suppose 53*j - 11321 = 25090. What is the hundreds digit of j?
6
Suppose -1056 = 435*f - 438*f. What is the tens digit of f?
5
Let l be ((-414)/10)/((-6)/20). Suppose -2*g + g - l = -h, 0 = -2*h - 4*g + 264. What is the units digit of h?
6
Suppose 329*u - 315*u = 20048. What is the units digit of u?
2
Let h(b) = -18*b**2 + 7*b - 11. Let i(k) = 9*k**2 - 3*k + 5. Let w(x) = 3*h(x) + 7*i(x). What is the tens digit of w(-4)?
4
Let y = 66 - 68. What is the tens digit of (-3)/y*(115/3 - -3)?
6
Suppose 3*j - 3*w - 678 = 0, -2*w - 3 = w. Suppose 4*k + 5 = j. Let o = k - 34. What is the tens digit of o?
2
Let x(a) = 2*a**3 - 4*a**2 - 15*a - 22. What is the units digit of x(9)?
7
Suppose 0 = -2*p + 4 - 24. What is the hundreds digit of p/8 - -2 - 1988/(-16)?
1
What is the units digit of (0 + (-3)/6)/((-11)/27610)?
5
What is the tens digit of (-3269)/(-5) - (-12 - (-531)/45)?
5
Suppose x = 275 + 182. What is the units digit of x?
7
Suppose 12*w - 6*w = 756. Let k = 217 - w. What is the tens digit of k?
9
Suppose -c + 19 = q - 4*q, q = -2*c + 3. Suppose -5*o + d + 0*d = -17, -14 = -c*o + d. Suppose -o*v = -74 - 13. What is the tens digit of v?
2
What is the hundreds digit of (303/5 + -3)*(-70)/(-7)?
5
Let p(u) = -3*u - 8. Let d be p(-7). Suppose 36 = d*o - 10*o. What is the tens digit of o?
1
Let g(d) be the first derivative of -d**4/4 + 5*d**3/3 + d**2 - 3*d - 2. Suppose -7*a = -2*a - 20. What is the tens digit of g(a)?
2
Let q = 63 + 158. What is the hundreds digit of q?
2
Let b = 11 + 217. What is the tens digit of b?
2
Let a(p) = 6*p - 5. Let y(x) = 66*x - 56. Let g(r) = -68*a(r) + 6*y(r). Let u be g(11). Let q = -83 - u. What is the units digit of q?
5
Suppose 0 = 35*p - 8220 - 740. What is the units digit of p?
6
Suppose 3*j = 2 + 4. Let n be (-1 - (-24)/j) + 2. Let l = n + 11. What is the tens digit of l?
2
Suppose 8*c - 5*c - 1044 = 0. Suppose -38*f = -41*f + c. What is the units digit of f?
6
What is the tens digit of 1*(-4 - 1183)*1/(-1)?
8
Let r(d) = -d**3 + 5*d**2 - 2*d - 5. Let z be r(4). Suppose z*o - 8 - 4 = 0. Suppose 4*p + o - 16 = 0. What is the units digit of p?
3
Suppose -4*k - 100 = -6*k. Let q be (-20)/k*5/1. What is the units digit of 99/36*(-8)/q?
1
Let v(b) = 8*b - 11. Suppose -3*d + 13 = -h, 5*h = -4*d - 8 + 38. What is the tens digit of v(d)?
2
Let c(v) be the second derivative of -1/6*v**3 + 11*v + 1/12*v**4 + 0 - v**2. What is the tens digit of c(-6)?
4
Let v(c) = 1 + 2*c + 4 + 0. Let a be 33/(-4)*72/(-54). What is the units digit of v(a)?
7
What is the units digit of ((-5)/(-5))/((-11)/(-10351))?
1
Let n = -146 - -433. What is the tens digit of n?
8
Let s = 15 - 10. Suppose -s*r + 2 = 17. What is the tens digit of r - 1*-4 - -9?
1
Let j(g) = g**3 + 3*g**2 + 9*g + 6. Let o be j(-7). Let s = o - -574. What is the hundreds digit of s?
3
What is the tens digit of (38/5)/(10/25)?
1
Suppose 5*j + 4*z + 1143 - 3340 = 0, -j + 437 = 2*z. What is the tens digit of j?
4
Let i(h) = h + 14. Let g be i(-10). Suppose 2*j + 7 = 4*s + 107, 0 = -2*s - g. What is the tens digit of j?
4
Let j(x) = 10*x + 3. Let d be j(11). Let u = d + -52. What is the units digit of u?
1
Let p(u) = -240*u + 7. What is the units digit of p(-2)?
7
Suppose -30 = -2*w + 30. Suppose x - w = -8. Suppose -4*d + 78 = -x. What is the tens digit of d?
2
Let l be -3 - (0 + 1) - -20. Suppose -y - l = -81. What is the tens digit of y?
6
Let z(b) = 3*b**3 - 8*b**2 - 6*b + 1. Let u be z(4). Suppose t + q = 59 + 2, -t = -3*q - u. What is the tens digit of t?
5
Let y(l) = 44*l**2 - 7*l - 1. What is the hundreds digit of y(-3)?
4
Let f(w) be the second derivative of -w**4/12 - 7*w**3/2 + 5*w**2/2 - 10*w. What is the hundreds digit of f(-8)?
1
Let t = -530 - -1792. What is the tens digit of t?
6
Suppose -5*d + 12*x + 7069 = 16*x, 2*x - 5654 = -4*d. What is the thousands digit of d?
1
What is the tens digit of (1 - (-42 - 0)) + -4 + -3?
3
Let f(n) = n**3 - 18*n**2 - 19*n + 4. Let b be f(19). Let s(x) = 6*x**2 + 5*x - 5. Let d be s(b). Let i = d - 50. What is the units digit of i?
1
Let u(g) = -g**3 + 5*g**2 - 3*g. Let p be u(4). Suppose p*n - 9*n - 60 = 0. What is the tens digit of (n/20)/((-2)/170)?
5
Let v(m) = -m**3 - 4*m**2 + 6*m - 5. Let b be v(-5). What is the tens digit of b/(-85) - (-2852)/34?
8
Let r(t) = -t**3 + 6*t**2 - 5*t - 4. Let l be r(4). Suppose 7*i = 2 + 40. Suppose -l*f + i*f + 46 = 0. What is the units digit of f?
3
Let x(o) = o**3 - 11*o**2 + 4*o - 55. What is the hundreds digit of x(13)?
3
Let n(p) = p - 6. Let y(h) = -5*h**2 - 4*h - 3. Let j be y(-2). Let b be j/(-6)*2 + 2. What is the units digit of n(b)?
1
Suppose 0 = -14*j + 65*j - 43911. What is the tens digit of j?
6
Let u(b) = b**2 + 9*b - 73. What is the hundreds digit of u(-24)?
2
Suppose k - 6*k = 4*t - 1336, -3*k - 12 = 0. What is the units digit of t?
9
Suppose x + 6 = 2*z + 2, 0 = 2*z - 6. Suppose -g + 2*n = -18, x*g + 16 = 3*g - n. What is the tens digit of g?
1
Let x(i) = -i**3 - 12*i**2 - 10*i + 13. Let u be x(-11). Let b(o) = u + 2*o - 5*o + 0*o + 4*o. What is the units digit of b(8)?
0
Let r = 583 + -284. What is the units digit of r?
9
Suppose m + 23 = 28. Let r be ((-592)/10 + 0)*-5. Suppose r = m*v - v. What is the tens digit of v?
7
Let s be (-7)/(70/4)*5. Let b(z) = 13*z**2 - 3*z - 5. Let i be b(s). Suppose 2*y = 63 + i. What is the tens digit of y?
5
Let r(b) = 91*b**2 - 8*b - 4. What is the hundreds digit of r(3)?
7
Let w(g) = -g**3 - g**2 - 2*g + 3. Let z be w(0). Suppose z*v - 7 = 2. Suppose -4*f = -l - 107, f + l = -v*l + 31. What is the tens digit of f?
2
Suppose j - 5*m + 21 = 0, -3*j + 27 = 6*m - 3*m. Suppose -j*g + 360 = 3*v + 98, 0 = -4*v + 2*g + 364. What is the units digit of v?
0
What is the thousands digit of 665/133 + 5806/1?
5
Suppose -6*h + h - 43 = -3*d, 5*d = -2*h + 51. Let l = 116 - d. What is the units digit of l?
5
Let g(c) = -4*c**3 - 31*c**2 - 24*c - 46. What is the thousands digit of g(-10)?
1
Let n be 4 + -62*(-22)/4. Suppose 0 = -2*o + n - 145. What is the tens digit of o?
0
Let u(o) = -o**2 - 20*o + 27. Let h be u(-21). Suppose 7*p - 23 = h*p. What is the units digit of p?
3
Suppose 4349 = 9*s - 1069. What is the units digit of s?
2
Let v = -50 + 14. Let h be (-4)/6 - 96/v. Suppose 0 = -4*s + 2*s - h*w + 50, 4*w + 12 = 0. What is the tens digit of s?
2
Let z = -217 - -649. Suppose -2*n - z = -8*n. Let p = 108 - n. What is the units digit of p?
6
Let z(b) = b**3 + 13*b**2 + 13*b + 4. Let o be z(-11). Suppose -3*j = 4*f - o, 5*f + 43 = 5*j - 82. What is the tens digit of j?
2
Let p = -1783 - -3527. What is the units digit of p?
4
Let r be (1/3)/((-1)/(-18)). Suppose -3*m = -r*m + 2*u, 2*m - 5*u = 0. Suppose m = 6*n - 2*n - 28. What is the units digit of n?
7
Suppose 2*k - 18 = -4. Let h be ((-1)/(-2))/(2/(-16)). Let x = h + k. What is the units digit of x?
3
Let s(l) = -3*l + 11. Let f be s(3). What is the tens digit of (f - 118/8)/(9/(-120))?
7
Suppose 0 = -3*i + 5*r + 5377, 2*i + 15*r - 14*r = 3602. What is the hundreds digit of i?
7
Let b = -333 - -655. What is the hundreds digit of b?
3
Suppose -1500 = -5*v - n, 0 = -5*v - 7*n + 5*n + 1500. What is the hundreds digit of v?
3
Let u(c) = 4*c - 14. Let j be u(4). Suppose -5*l - 68 = -j*m, l = 2*m - m - 34. What is the units digit of m?
4
Suppose 76723 = 49*m + 21598. What is the tens digit of m?
2
Let q(d) = -10 - 10 - 4*d**2 + 3*d**2 + 0 - 21*d. What is the units digit of q(-17)?
8
Suppose -4*t = -2*p + 96, t + 42 = -5*p + 315. Let n(o) = -o + p - o**3 + 12 - o**2 + 0. What is the units digit of n(0)?
6
Let c(d) = -d**3 + 2*d + 10*d**2 + 34 - 24 + 2*d**3 + 7*d. Let u be c(-9). What is the units digit of (-2)/u + 276/30?
9
Let a(b) be the third derivative of b**4/6 + 7*b**3 - 14*b**2. What is the units digit of a(17)?
0
What is the tens digit of (-3)/6*66/(-8 + 5)?
1
Let r(s) = 5*s + 5. Let f be 1 + 7 - (6 - 5). Let p be r(f). Suppose 5*d + p = 7*d. What is the units digit of d?
0
Let c = -49 - -48. What 